9
What is the greatest common factor of 59892 and 2418?
186
What is the highest common factor of 17059 and 7?
7
What is the greatest common factor of 32417 and 224?
7
What is the highest common factor of 4434 and 30?
6
Calculate the highest common factor of 138 and 34638.
138
What is the greatest common divisor of 267 and 66038?
89
What is the highest common divisor of 1122931 and 6457?
587
Calculate the greatest common factor of 849874 and 58.
58
Calculate the greatest common divisor of 5137 and 66.
11
Calculate the greatest common divisor of 84006 and 9711.
117
Calculate the highest common divisor of 33 and 1053.
3
Calculate the highest common factor of 5210 and 260.
10
Calculate the highest common factor of 306156 and 496.
124
What is the highest common divisor of 432 and 102?
6
Calculate the greatest common factor of 10750 and 46.
2
What is the greatest common factor of 26379 and 31264?
977
What is the greatest common divisor of 50 and 815630?
10
Calculate the highest common divisor of 160 and 7840.
160
Calculate the greatest common divisor of 469 and 49.
7
What is the greatest common factor of 25 and 7745?
5
What is the highest common divisor of 146689 and 383?
383
What is the highest common divisor of 212 and 67946?
106
Calculate the greatest common factor of 1175 and 9071.
47
What is the greatest common factor of 265524 and 364?
28
What is the highest common factor of 62 and 11749?
31
What is the highest common divisor of 1352 and 24?
8
What is the greatest common factor of 15442 and 8218?
14
What is the greatest common divisor of 588 and 235788?
588
What is the greatest common divisor of 148422 and 261?
87
Calculate the highest common factor of 56782 and 4158.
22
What is the greatest common divisor of 45 and 59355?
45
Calculate the greatest common factor of 3008047 and 2870.
287
Calculate the highest common factor of 2812692 and 3348.
372
What is the highest common divisor of 1179 and 2629694?
131
Calculate the greatest common factor of 8532 and 7860.
12
What is the highest common factor of 496168 and 2616?
872
What is the highest common factor of 3325 and 78400?
175
What is the greatest common divisor of 92 and 56626?
46
What is the greatest common factor of 204 and 7356?
12
What is the highest common factor of 865 and 555?
5
What is the greatest common factor of 8 and 7750896?
8
What is the highest common divisor of 2088 and 300?
12
What is the highest common divisor of 20048 and 7168?
112
What is the greatest common factor of 7339 and 1722?
41
Calculate the greatest common divisor of 2009280 and 8.
8
Calculate the greatest common divisor of 2022 and 1763858.
674
What is the highest common factor of 1156979 and 205?
41
What is the highest common divisor of 259032 and 78?
6
What is the greatest common divisor of 40408 and 8?
8
What is the greatest common factor of 95835 and 20?
5
What is the highest common divisor of 4035 and 3195?
15
What is the greatest common divisor of 52 and 36179?
13
What is the highest common divisor of 2834 and 78?
26
What is the highest common divisor of 54 and 5496?
6
What is the greatest common divisor of 1653 and 2001?
87
Calculate the greatest common factor of 489 and 157784.
163
What is the greatest common divisor of 14 and 2770446?
14
Calculate the highest common divisor of 252 and 238364.
28
Calculate the greatest common factor of 51 and 1121711.
17
Calculate the greatest common divisor of 471763 and 107.
107
Calculate the greatest common factor of 11072 and 248428.
692
Calculate the greatest common factor of 36751 and 55.
11
Calculate the greatest common factor of 1325 and 7865.
5
What is the highest common divisor of 1372151 and 395?
79
Calculate the greatest common factor of 18765 and 99.
9
What is the greatest common divisor of 2193 and 2838?
129
Calculate the greatest common divisor of 3075 and 15525.
75
Calculate the greatest common factor of 18 and 23958.
18
Calculate the highest common divisor of 10 and 258462.
2
Calculate the highest common factor of 95 and 25.
5
What is the highest common divisor of 3432 and 3193476?
1716
What is the highest common divisor of 75237 and 465?
93
Calculate the highest common factor of 15 and 162410.
5
What is the greatest common factor of 3026604 and 1052?
1052
Calculate the greatest common factor of 6500 and 91520.
260
What is the highest common divisor of 84 and 160764?
12
Calculate the greatest common divisor of 10 and 171155.
5
What is the highest common factor of 298 and 82993?
149
Calculate the greatest common factor of 546546 and 6622.
154
Calculate the highest common divisor of 49419 and 408.
51
Calculate the greatest common divisor of 40800 and 15900.
300
What is the highest common factor of 53827 and 38?
19
What is the greatest common factor of 7055 and 5395?
415
Calculate the greatest common divisor of 12 and 4260324.
12
Calculate the greatest common divisor of 12913 and 592.
37
What is the greatest common factor of 272 and 10778?
34
Calculate the greatest common divisor of 172 and 128269.
43
Calculate the highest common divisor of 9242777 and 1713.
571
What is the greatest common divisor of 358 and 751979?
179
What is the greatest common divisor of 10 and 13914?
2
Calculate the highest common divisor of 10 and 17870.
10
Calculate the greatest common factor of 65630 and 20.
10
What is the highest common factor of 855 and 23845?
95
Calculate the greatest common factor of 3829216 and 136.
136
Calculate the highest common divisor of 82099 and 1102.
551
What is the greatest common factor of 17584 and 576?
16
Calculate the greatest common divisor of 49 and 20629.
49
What is the highest common divisor of 59322 and 18?
6
Calculate the greatest common divisor of 2163 and 741909.
2163
What is the highest common divisor of 62 and 116219?
31
What is the greatest common factor of 31 and 270754?
31
What is the highest common factor of 511400 and 200?
200
What is the highest common divisor of 356643 and 714?
357
Calculate the highest common divisor of 8 and 36356.
4
Calculate the highest common divisor of 432 and 3787668.
108
What is the greatest common divisor of 20670 and 520?
130
What is the highest common divisor of 654 and 17222?
218
Calculate the highest common divisor of 1118 and 10406.
86
What is the highest common factor of 149242 and 568?
142
What is the greatest common divisor of 250 and 202?
2
What is the greatest common factor of 173327 and 105?
7
Calculate the highest common divisor of 1092 and 75.
3
What is the greatest common factor of 1909 and 9379?
83
What is the highest common divisor of 25950 and 1410?
30
Calculate the greatest common factor of 12075 and 53445.
105
Calculate the greatest common divisor of 4489 and 23249.
67
Calculate the highest common factor of 323 and 25.
1
What is the greatest common divisor of 165 and 30?
15
What is the greatest common divisor of 20402 and 606?
202
What is the highest common divisor of 108 and 69039?
27
What is the highest common divisor of 6552 and 663624?
936
What is the highest common divisor of 82365 and 170?
85
Calculate the greatest common divisor of 15939 and 1196.
23
What is the greatest common divisor of 785189 and 71?
71
What is the greatest common divisor of 301 and 2032051?
301
Calculate the highest common factor of 5517 and 585.
9
What is the highest common factor of 88 and 22664?
8
Calculate the highest common divisor of 55800 and 135036.
1116
Calculate the greatest common factor of 6273 and 30243.
51
What is the greatest common factor of 736 and 2530?
46
What is the highest common factor of 1025 and 1435?
205
What is the greatest common factor of 119 and 68?
17
Calculate the greatest common divisor of 141 and 9754944.
141
What is the greatest common divisor of 9 and 49185?
9
Calculate the greatest common divisor of 2171648 and 256.
256
Calculate the greatest common divisor of 876 and 47964.
12
What is the greatest common factor of 600 and 60150?
150
Calculate the greatest common factor of 3551 and 335.
67
What is the highest common divisor of 3128 and 56695?
391
What is the greatest common factor of 238 and 552041?
119
What is the highest common divisor of 212 and 72239?
53
What is the highest common factor of 10086 and 282?
6
What is the greatest common divisor of 264 and 904344?
24
Calc